(3/(-9)) + (800 - 14). Suppose -396 = -5*t + d. What are the prime factors of t?
3, 79
List the prime factors of (-27)/12 - ((-1074357)/36 - 0).
3, 7, 29
Let x = 15101 + -7765. Suppose -39*r = -25*r - x. List the prime factors of r.
2, 131
Let f(t) = 6*t + 42 + 5*t**2 - 91 + 35. List the prime factors of f(-12).
2, 317
Let b(p) = -11*p + 6090. Let k be b(0). Suppose 16*h - h = k. What are the prime factors of h?
2, 7, 29
Let q(l) = -7*l**3 + 107*l**2 - 9*l + 81. What are the prime factors of q(14)?
3, 191
Let x(p) = 11894*p - 154. List the prime factors of x(1).
2, 5, 587
Let b(w) be the third derivative of w**5/60 - 5*w**4/8 + 3*w**3 - 18*w**2. Let j be b(14). Suppose 3*k + j*k - 287 = 0. List the prime factors of k.
41
Suppose 0 = -x + 5*o + 136 - 26, 490 = 4*x + 5*o. Let y = x - 35. Let l = y + 27. What are the prime factors of l?
2, 7
Let h = 28807 - 11760. What are the prime factors of h?
17047
Let q be 4/(-11)*(-275)/50. What are the prime factors of (-21)/(6/q) + 169?
2, 3
Let q(v) = -3*v**2 + 2. Let c be q(-4). Let p = 41 + c. Let s(a) = -a**2 - 5*a + 8. What are the prime factors of s(p)?
2
Let n be 3*34 - (1 + (1 - 1)). Suppose -f - 274 + n = 0. Let m = 49 - f. List the prime factors of m.
2, 3, 37
Let i = -50 - 62. List the prime factors of (i/(-6))/(6/81).
2, 3, 7
List the prime factors of 593746/18 + 84/756.
2, 16493
Let n(q) = -13*q**2 + 6*q + 79. Let v be n(-6). Let d = v + 704. What are the prime factors of d?
3, 31
List the prime factors of (-128)/10*18495/(-274).
2, 3
Let p = 40718 + -2912. What are the prime factors of p?
2, 3, 6301
Let i = -689 - -690. Let d(c) = 39*c - 8. List the prime factors of d(i).
31
Suppose 0 = -z + b + 7038, -29*z - 28173 = -33*z - 3*b. What are the prime factors of z?
3, 2347
Let v = 42 + -37. Suppose 3*d - 77 = -v*y, -4*d - 6*y = -y - 106. Suppose d = 3*x - 220. List the prime factors of x.
83
Suppose 5*d - 2*d + 3*n - 1122 = 0, -4*n - 754 = -2*d. Let f be -2 + 1 + -17 + 18 - 0. Suppose f = 4*w + w - d. List the prime factors of w.
3, 5
Let s(d) = 3*d**2 - 45 + 121 + 0*d**2 + 22*d. What are the prime factors of s(-17)?
569
Suppose 2*v = -q + 749, -3*q + 5*q + 377 = v. Let y = v - -45. What are the prime factors of y?
2, 3, 5, 7
What are the prime factors of ((-967212)/90 - -18)*-5?
2, 13411
Let s = -5923 - -8387. Let o = -1483 + s. List the prime factors of o.
3, 109
Suppose -7*n = -2*n + n. Suppose n = -12*h + 2990 + 1270. What are the prime factors of h?
5, 71
Suppose -1753 - 1391 = -8*q. Let u = 7 - 4. Suppose 0*k + q = u*k. List the prime factors of k.
131
Suppose -32092 = -4*n + 4*m, 0 = -n - 2*n + 4*m + 24070. List the prime factors of ((-4)/(-10))/(-2) + n/35.
229
Suppose 0 = -13*p + p + 36. Suppose p*c - h - 10 = 0, -4*h + 9 = 4*c - h. Suppose c*y - 304 - 23 = 0. List the prime factors of y.
109
List the prime factors of 132073/15 - (152/60)/(-19).
3, 5, 587
Let r(q) = -q**3 + 9*q**2 + q - 8. Let y = -75 + 84. Let x be r(y). List the prime factors of x - 2 - (4/2 - 50).
47
Suppose 20*m - 2628 - 21052 = 0. Let y = m + -796. What are the prime factors of y?
2, 97
Let x = 950 - 924. List the prime factors of x.
2, 13
Suppose -3483356 = -72*x + 78052. List the prime factors of x.
2, 3, 229
Let t(a) = -1484*a + 15525. What are the prime factors of t(-32)?
61, 1033
Suppose -38*x + 151 = -39. List the prime factors of (-5028)/(0 - 4) - x.
2, 313
Let u(d) = -d**3 - 4*d**2 - 5*d. Let b be u(-3). Let s be b/(-2 - (-32)/20). What are the prime factors of ((-40)/s)/4*27?
2, 3
Suppose -4*n + 1375 = 4*i - 8225, n + 3*i - 2390 = 0. What are the prime factors of n?
5, 13, 37
Let w be 3/(-6 + 438/74). Let q = 316 - w. List the prime factors of q.
353
Let x = 5000 + 1734. What are the prime factors of x?
2, 7, 13, 37
Suppose 29*o = 198438 - 71911. List the prime factors of o.
4363
Suppose -2*s - 34 = -4*h - 0*h, h - 5*s = 13. Suppose 4177 - 369 = h*q. What are the prime factors of q?
2, 7, 17
Let f be ((-54)/(-4) + -12)*(-4766)/(-3). Let v = f - 1634. What are the prime factors of v?
7, 107
Let j be (14/(-8))/((-7)/(28*71)). Suppose -7301 + j = -21*o. What are the prime factors of o?
2, 3
Suppose 206*n = 199*n - 7707. Let u = -524 - n. List the prime factors of u.
577
Let s(q) = 1. Let t(z) = z - 4. Let j(v) = 4*s(v) + t(v). Let l(p) = 9*p - 92. Let d(k) = 4*j(k) + l(k). List the prime factors of d(24).
2, 5, 11
Let h(u) = 22*u**2 + 1859*u + 14. List the prime factors of h(-102).
2, 7, 23, 61
List the prime factors of (14 - 1148/70)/(2/(-4490)*1).
2, 3, 449
Let m be 1604 - (-13 + -7 + 16). Let n = m + -936. What are the prime factors of n?
2, 3, 7
Suppose 0 = -4*a + 4646 + 3274 + 3956. What are the prime factors of a?
2969
Let g(m) be the second derivative of 20*m**3/3 + 51*m**2/2 + m - 25. What are the prime factors of g(7)?
331
Suppose 15*h + 14*h = 29. What are the prime factors of (7/(-14))/(0 + h/(-898))?
449
Suppose -4*f + s + 12 = 0, -2*s + 4 = -s. Suppose f*a = 2*w - 2694, -2*a = 49*w - 46*w - 4073. What are the prime factors of w?
5, 271
Suppose -3*c = q - 3*q - 9, 4*q - 2*c = -22. Let u(n) = -n. Let m be u(q). Let b(v) = -v**2 + 13*v - 4. List the prime factors of b(m).
2, 19
Suppose -73 + 41 = 16*u. List the prime factors of ((-15752)/220)/((1 + u)/15).
2, 3, 179
Suppose 5*v = 3*w + 36003, -46 = -5*w - 51. What are the prime factors of v?
2, 3, 5
Let l(b) = -135*b + 476. List the prime factors of l(-12).
2, 131
Let p(i) = 15*i**2 + i + 1. Let d be p(2). Let a = d + -50. Suppose a*w = 4*w + 171. List the prime factors of w.
19
Let u be 1 + 14 + 1 + 3/(-1). Suppose 83 + u = l. What are the prime factors of 1/((0 - 1/l)/(-1))?
2, 3
Let j(w) = 37*w**2 + 3*w + 2. Let n be j(-1). Let u = 81 - n. List the prime factors of u.
3, 5
Let x be -2 + ((-3)/(-3))/(1/(-2)). Let a be 0 + (-1)/x - (-17733)/92. Suppose b - 4*d - a = 0, b + 4*b + 4*d - 917 = 0. What are the prime factors of b?
5, 37
Suppose 0 = 2*h - 62 - 898. Suppose 6*v - h = v. Let o = -56 + v. What are the prime factors of o?
2, 5
Suppose -5*t - 2*h + 1305 = 0, -2*t - h + 117 + 406 = 0. Let c be 10*(-50)/4 + 0. Let a = t + c. List the prime factors of a.
2, 67
Let a(l) = l**3 - 30*l**2 + 29*l + 11. Let w be a(29). Let k(n) = -3*n + 5*n - n**3 + 5 + 0*n**3 + 8 + 11*n**2. What are the prime factors of k(w)?
5, 7
Let l(s) = 471*s**3 + 63*s**2 - 134*s + 5. What are the prime factors of l(2)?
13, 17
Let a = 198 - 196. What are the prime factors of (2 - -2 - -625) + (-2)/a?
2, 157
Let g(m) = -3*m + 13. Let c be g(5). Let s be c + 4/((-4)/(-83)). List the prime factors of 1/((-16)/4 - -3) + s.
2, 5
Suppose 0 = 11*g - 5*g + 6. Let u(c) = -881*c**3 + c**2 + 9*c + 7. List the prime factors of u(g).
2, 5, 11
List the prime factors of (-147202)/(-8) - (-3 - 234/(-72)).
2, 5, 23
Let b(p) = -223*p**3 + 10*p**2 + 11*p + 1. Let g be b(-2). Suppose -465 = -3*t + g. List the prime factors of t.
2, 3, 7
Let x(a) be the first derivative of 186*a**2 + 38*a + 320. What are the prime factors of x(5)?
2, 13, 73
Let a(q) = 14 + 6 + 0 - q - 41*q. What are the prime factors of a(-1)?
2, 31
Let b(k) = -k**3 + 2*k**2 + 5*k - 2. Let v be b(3). Suppose -5*t = -3*w + 2309 + 183, -v*t = -2*w + 1662. What are the prime factors of w?
829
Let z(u) = -10*u**2 + 7. Let l(o) = 29*o**2 + o - 22. Let y(r) = -6*l(r) - 17*z(r). Let x be y(-8). List the prime factors of 8/(-2) + (-4)/4*x.
191
Let u(f) = -f**3 - 4*f**2 - 7*f - 6. Let x be u(-4). Let h be (46/(-23))/(2/x - 0). List the prime factors of (7/h - (-12)/(-66))*-114.
3, 19
Suppose 0 = 13*l + 27153 - 296331. What are the prime factors of l?
2, 3, 7, 17, 29
Suppose -12*c - 190747 - 709403 = -42*c. What are the prime factors of c?
5, 17, 353
Let l = -1804 - -42551. What are the prime factors of l?
7, 5821
Suppose 17 = 4*u + 25. Let g be u*6/4 - 4. Let n = 42 - g. What are the prime factors of n?
7
Let s = 279 - 276. Suppose -4*x + 2280 = x. Suppose 2*q + x = 4*v, 0*v + s*q = -4*v + 436. What are the prime factors of v?
2, 7
Let f = -52 + 879. Suppose -g = 2*j - f, -g - 818 = -2*j + g. List the prime factors of j.
2, 103
Suppose -5*v = 5, 1283 = 5*r - 3*r + 5*v. Suppose 5*z + k = 1644, 0 = -3*z + z + 3*k + r. List the prime factors of z.
2, 41
Suppose -53*u + 576363 = 619888 - 2208734. What are the prime factors of u?
40853
Lis